?
3, 17
Let b be 8/36 + (-2)/9. Let q be 1 - (3 + b + -3). List the prime factors of 4/(-8)*(q + -29).
2, 7
Let s = 18 - -12. List the prime factors of s.
2, 3, 5
Suppose -4*j + 4*c + 16 = 0, -4*j - c - 7 = -2*j. Let q(t) = -9*t**3 - 1. What are the prime factors of q(j)?
2
What are the prime factors of (-1)/(-2)*(-4 - -80)?
2, 19
Let o(f) = -f**3 - f**2 + 3*f + 4. Let k(l) = -l**2 - 7*l - 9. Let y be k(-6). What are the prime factors of o(y)?
13
List the prime factors of (-4266)/(-30) - (-1)/(-5).
2, 71
Let i = 43 - 9. Suppose 5*w - i = 2*t, -3*t = w - 0*t. List the prime factors of (-4)/w - (-14)/3.
2
Let z(r) = r**3 + 4*r**2 + 2*r + 2. Let v be z(-4). Let k = v - -8. Suppose -3*x + k*x = -17. What are the prime factors of x?
17
List the prime factors of 16 - 2*(-4)/(-8).
3, 5
Suppose 2*m + 2*m - 52 = -4*b, m - 41 = -3*b. List the prime factors of b.
2, 7
Suppose 14 = 2*q - 18. What are the prime factors of (-45)/20*q/(-3)?
2, 3
Suppose 3*v = -5*x + 71, 3*v + 2*x = -x + 75. Suppose 2*s = 2*z - 0*z - 38, -3*s = -z + v. What are the prime factors of z?
3, 5
Let s be 4 - (0 + -2) - -1. Suppose -6 = -f + s. What are the prime factors of f?
13
Let r = -20 - -19. Let z be (4/6)/(2/(-6)). List the prime factors of r + (0 - z) + 17.
2, 3
Let a(k) = -k + 5. Let o be a(5). Suppose -n = o, -2*u - n = -4*n - 24. What are the prime factors of 20/3*u/10?
2
Let m(l) = 27*l - 5. What are the prime factors of m(2)?
7
Let y(g) = 7*g + 2. Let v be y(6). Suppose -108 = -3*k - k. Let i = v - k. List the prime factors of i.
17
List the prime factors of ((-5)/20 - 954/(-8)) + -2.
3, 13
Suppose 2*x - 69 - 1 = 4*l, -2*x + 5*l = -72. List the prime factors of x.
31
List the prime factors of (-8 + 9)*(136 + 1).
137
Let z(h) be the first derivative of h**2 - 2*h + 1. Let y be z(5). Suppose -2*k + 3*j = -y, 0*k = -3*k - 2*j + 12. What are the prime factors of k?
2
Let f be -2 - (-6)/2 - -3. Suppose 2*c = 32 + f. List the prime factors of c.
2, 3
Let h = 8 - 4. Suppose -g - n + 0*n + 15 = 0, -h*n + 20 = 0. List the prime factors of g.
2, 5
Suppose 0 = -0*a - 2*a - 14. Suppose -3*z + 0*z = -4*j + 35, 0 = -3*j - 3*z + 42. Let o = a + j. What are the prime factors of o?
2
Let s = 948 - 575. What are the prime factors of s?
373
Suppose -11 = -4*q + 9. What are the prime factors of q?
5
Let m(i) = i**2 + 7*i - 2. List the prime factors of m(-8).
2, 3
Let q(t) = t**2 - 5*t + 2. Let c be q(6). Suppose -3*h = -4*h - 3, -4*f + 19 = -h. Suppose f*j + c = 8*j. List the prime factors of j.
2
Suppose 2*a - 6 = -a. Suppose -d - a*d + 20 = 5*n, -n = -5*d + 52. What are the prime factors of d?
2, 5
Let k = 2 + 12. Suppose 5*o + 3*y - k = 4*o, -5*y + 100 = 5*o. Suppose -d - 3*q = -0*q - o, 3*q = 15. List the prime factors of d.
2
Let h be -1 + (-1 - 4) - 0. Let r(a) = -a - 4. Let z be r(h). List the prime factors of 2 + (4 - z/2).
5
Suppose b + 0*w - 14 = 3*w, 2*b - 24 = 5*w. Suppose y - b*j + 1 = -6*j, -2*y + 8 = -2*j. List the prime factors of y.
3
Suppose -6*s + 2*s = -660. Suppose 4*f - 43 = s. Suppose 22 = u + 2*m + m, 0 = -4*u - 3*m + f. List the prime factors of u.
2, 5
Let h(s) = -s**2 - 2*s - 5. Let d be h(6). Let f = d + 95. What are the prime factors of f?
2, 3, 7
List the prime factors of (26/(-6))/((-18)/54).
13
Suppose -4*j - 10 - 10 = 0. List the prime factors of 1/j - 106/(-5).
3, 7
Let c(n) = -2*n**3 + n**3 - 3 - 5*n**2 + 6*n - 1. Let s be c(-6). Let z = s + 15. List the prime factors of z.
11
Let t = 183 - 19. Suppose 4*p + 4*k = t, 3*p - 2*k - 113 = -3*k. Suppose -p = -4*d - 2*h, -18 - 15 = -3*d - 3*h. List the prime factors of d.
7
Let l(y) be the third derivative of -1/120*y**6 + 0*y - 5/12*y**4 + y**2 - 11/60*y**5 + 2/3*y**3 + 0. What are the prime factors of l(-10)?
2
Let j(f) = f**2 - 3*f - 27. List the prime factors of j(8).
13
Let m(g) = -9*g - g**2 + 3 + 17*g + 0. Let z = -6 + 13. List the prime factors of m(z).
2, 5
Let a(w) = 5*w**3 + w**2 - w. What are the prime factors of a(1)?
5
Let s(l) = -l + 9. Let a be s(5). Suppose -a*f + 2 = -2*f. Suppose -d + f = -3. What are the prime factors of d?
2
Suppose -2*d + 2 + 32 = 0. List the prime factors of d.
17
Let g(y) = -y**3 + 4*y**2 + 2*y - 6. Let w be g(4). Let o be 7 - (w + (1 - 0)). Suppose o*h - 8 = 4. What are the prime factors of h?
3
Let l(t) = 5*t**3 - 7*t**2 + 6*t + 8. What are the prime factors of l(4)?
2, 3, 5
Let k be (50/(-8))/(2/8). Suppose -13 - 32 = 3*b. Let v = b - k. List the prime factors of v.
2, 5
Suppose 5*g = 10, 2*c - c = 5*g - 7. Suppose -c*v + 0*v + 21 = 0. What are the prime factors of v?
7
Let u = 16 - 26. Let t(d) = d**2 - 3*d + 9. Let g be t(6). List the prime factors of u*(1 + g/(-15)).
2
Let z(a) = a - a + 4 - 5 - a**2 - 4*a. What are the prime factors of z(-3)?
2
Let s be 48/20 + 3/5. Suppose -h + 28 = -s*o + 92, -5*o + 92 = 2*h. List the prime factors of o.
2, 5
Let z(p) = -199*p**3 + p**2 + p + 1. List the prime factors of z(-1).
2, 5
Let n be (1 - 0)*-13 - -3. Let b(x) = -3*x - 13 + 0*x + x. What are the prime factors of b(n)?
7
Let c be (-4)/10 - (-26)/(-10). Let f = 4 + c. List the prime factors of -1 + (1 - -8) + f.
3
Let v = 2 + 0. Suppose 0 = j + v*j + r - 178, 0 = -3*j - 5*r + 170. Suppose -5*i - 5*y + j = 0, -2*i + 0*y = -2*y - 4. List the prime factors of i.
7
Let c be 2/(-1)*(-5)/1. Let s(l) = -l**2 + 4*l - 3. Let v be s(3). List the prime factors of c - 0 - (0 - v).
2, 5
Suppose 12 = 2*r - 16. What are the prime factors of r?
2, 7
Suppose -z - 2*z + 9 = 0. Suppose -z*h + 2*h + 6 = 0. List the prime factors of h.
2, 3
Let r be 2/16*10*-4. Let c = -5 - r. Suppose c = -5*v + 5*q + 55, -v + q - 2*q + 1 = 0. What are the prime factors of v?
2, 3
Suppose -5*m = -2*s - 0*m + 27, -2*s - 4*m + 54 = 0. What are the prime factors of s?
3, 7
Let i(g) = g**2 - 7*g - 17. Let q(l) = l**2 - 4*l - 9. Let s(n) = -6*i(n) + 11*q(n). What are the prime factors of s(2)?
19
Suppose 3*c - 6 = -0*c. Suppose c*j + 8 = 3*j. Suppose 5*g = j + 7. List the prime factors of g.
3
Let q(f) = 0*f**2 - f + f**2 + 0*f**2 + 2 + 2*f. List the prime factors of q(0).
2
Let u(i) = i**3 + 7*i**2 - 6*i + 9. Let d be u(-8). Let c = d + 14. Let m(l) = 2*l - 4. What are the prime factors of m(c)?
2, 5
Suppose w + 0 = s - 9, 5*s - 36 = -4*w. Let u = 17 - 12. Suppose -u = -m + s. What are the prime factors of m?
13
Let j(k) = 8*k**3 + 1. Let a be j(1). Let c = -1 + a. List the prime factors of c.
2
Suppose -s = 4*s - 25. Suppose -4*r = r + s. Let i = 1 - r. What are the prime factors of i?
2
Suppose 16 = -3*z + 5*z. Let h be (0/((-6)/(-2)))/1. Let m = h + z. What are the prime factors of m?
2
Let o be ((-2)/((-8)/68))/1. Suppose -3*k - 2*i + o = 0, 0 = k - 0*k + 2*i - 3. What are the prime factors of k?
7
Let m(q) = -7*q + 17. What are the prime factors of m(-4)?
3, 5
Let g(s) = s - 6. Suppose 2*m + z - 11 = 0, 9 = -2*m + z + 2*z. Let j be g(m). What are the prime factors of (-6)/(-4)*(-24)/j?
2, 3
Let f = 6 - 0. Suppose f*a - 35 = 5*a. List the prime factors of a.
5, 7
Let m = 3 - 4. Let q = -2 - m. Let k = q + 12. What are the prime factors of k?
11
Suppose 2*s = -3*l - 12, -3*s - 5*l = -4*s + 20. Suppose s = -q + 1 + 1. What are the prime factors of (-81)/(-12) - q/(-8)?
7
Let q(u) = 117*u**3 - u**2 + 1. Let k be q(1). What are the prime factors of 14/49 + k/7?
17
Let o = 279 - 119. What are the prime factors of o?
2, 5
Suppose 214 = 2*n + 2*l, 10*l - 11*l - 115 = -n. What are the prime factors of n?
3, 37
Suppose 0 = -3*m - n + 8, 4*m + 7*n - 4*n = 14. What are the prime factors of m?
2
Let h(d) = 2*d**3 - 16*d**2 + 20*d - 19. List the prime factors of h(8).
3, 47
Let v be 2/5 + 54/15. Let h(d) = 0*d**3 + 0*d - 4*d**2 + 7 - d**3 + v*d. What are the prime factors of h(-5)?
2, 3
List the prime factors of (-2 - -15 - -2) + -1.
2, 7
Suppose 4*c - 14 = -2*d, 5*d = 2*d - 5*c + 20. Suppose -2*f - 101 = -d*l - 6*f, 0 = f + 1. List the prime factors of l.
3, 7
Let p(h) = 9*h**2 + 1. Let w be 1/(-2 + (4 - 1)). List the prime factors of p(w).
2, 5
Suppose 2*q - 7*q + 30 = 0. Let f = 6 - q. List the prime factors of f*(-2)/4 + 2.
2
Suppose -4*w + i + 10 = 0, -w + 5*i + 16 = 2*w. Let u = 3 + w. Suppose 7*l - 6*l = u. List the prime factors of l.
5
Let u be (-2 + 8)/(6/8). Let z = -7 + u. Let t = 4 - z. What are the prim